the prime factors of q(k)?
11
Let s(n) = 2*n - 11. List the prime factors of s(8).
5
Suppose -5*l + 132 = 4*t - t, -t + 2*l + 55 = 0. What are the prime factors of t?
7
Let j = 24 - 3. What are the prime factors of j - 0 - (-2 + 5)?
2, 3
Let u = -111 + 178. What are the prime factors of u?
67
Let c(j) = j**2 - 3*j + 35. List the prime factors of c(0).
5, 7
Suppose 2*u = -4*t - 2, -6 = -5*t - 5*u + 4. List the prime factors of ((-6)/(-4))/t*-12.
2, 3
Suppose 0 = 4*b + b - 15. Suppose 4*n - b*c - 150 = 0, -c + 4 = 2. What are the prime factors of n?
3, 13
Suppose 127 = 2*s + 3*h, -h = -5*s - 0*h + 292. List the prime factors of s.
59
Let b(m) = 2*m**2 - 2*m - 1. Let r be 32/20 + 2/5. Let k be b(r). Suppose 3*z - 25 = -4*v, -k*v = -z + 5*z - 31. What are the prime factors of z?
7
List the prime factors of 6/(-8)*56/(-2).
3, 7
Suppose 13*z = 9*z + 124. List the prime factors of z.
31
Suppose 2*b - 2*s - 12 = -0*s, -3*s = -2*b + 8. List the prime factors of b.
2, 5
Suppose -7*y = -1122 - 663. What are the prime factors of y?
3, 5, 17
Suppose -5*u = -2*u. Suppose -2*v + u = -6. List the prime factors of 4/3 + 2/v.
2
Let a be 1 - 52/(-4 + 2). Suppose -5*w = 4*n - a, -n + 1 = 4*w - 14. Suppose j + w*j = 32. What are the prime factors of j?
2
Suppose 196 = 5*m - 109. List the prime factors of m.
61
Suppose -585 = -5*a + k, 2*a + a - 329 = 5*k. What are the prime factors of a?
2, 59
Suppose 0 = -4*j - b + 6, 0 = 3*j + j - 2*b. Let w = -18 + 13. List the prime factors of 12/(-6) - w/j.
3
Suppose -l + n = -92, 5*l + 0*n - 466 = 2*n. What are the prime factors of l?
2, 47
Suppose -1 = 4*x - 5. Let g = x + 6. What are the prime factors of g?
7
Suppose 3*k - 132 = -3*k. List the prime factors of k.
2, 11
Suppose 4 + 6 = 2*m. Suppose 6*o = 2*o + 12, -o - 22 = -m*z. Suppose 0*t = -z*t + 45. List the prime factors of t.
3
Let d(q) = -4*q + 10. What are the prime factors of d(-7)?
2, 19
Suppose d = -2*d + 360. List the prime factors of d.
2, 3, 5
Let a = 1 + 3. Suppose n - 4 = 0, -a*z = -z - 5*n - 22. What are the prime factors of z?
2, 7
Suppose 3*h = -3*v + 105, -107 = 4*h - 7*h - 5*v. Let c be h/10 + 4/(-10). Suppose 4*l - 5*z - 28 = 0, c*l - 2*z = -z + 21. List the prime factors of l.
7
Let n = 7 - 2. Suppose -l = -n*l. Suppose 0 = -j - l + 11. List the prime factors of j.
11
Suppose 0 = 5*m - 5*w + 15, 0 = 5*m + 5*w - 3*w - 20. Suppose u = m*n + 6, n - 4*u - 21 = 2*n. What are the prime factors of n + 3 - 24/(-2)?
2, 5
Let h = 13 - 9. Suppose -4*l + h = -3*l. List the prime factors of l.
2
Let y = -6 + 4. Let i be y + -1 - (0 - 4). Let l(n) = 6*n**3 + n**2. What are the prime factors of l(i)?
7
Let j = -49 + 18. Let i = j - -64. What are the prime factors of i?
3, 11
Let h be (-2 + -2)*4/(-4). Let m = h - 1. List the prime factors of m.
3
Suppose 0 = 2*q - 322 - 22. List the prime factors of q.
2, 43
Let c(v) = -v - 3 + 5*v + 1 + 1. Let s be c(2). Suppose q = -5*t + 28, -q + t + s = 3*q. What are the prime factors of q?
3
Let u(i) be the second derivative of i**5/10 + i**4/12 + i**3/6 + 3*i**2/2 - 3*i. Let t(x) be the first derivative of u(x). What are the prime factors of t(-1)?
5
Suppose 13*z - 18*z = -10. List the prime factors of z.
2
Let f = 5 + -2. What are the prime factors of 2/f + 80/15?
2, 3
Let y(m) = 5*m**2 + 8*m - 6. What are the prime factors of y(-8)?
2, 5
Let f = 1 - -3. Suppose 0 = f*h - 4*i + 20, -6*i + 2*i + 20 = -h. What are the prime factors of (-6)/(-10)*(5 - h)?
3
Let h(w) = w**3 + 7*w**2 + 8*w + 7. Let q be h(-6). List the prime factors of (-28)/q - (-6)/15.
2, 3
Suppose -3*g + 5*y = 5, -5*g + 2*y + 5 = -3*y. Suppose 0 = g*o - 16 + 6. List the prime factors of o.
2
Suppose -16 = 5*m - 6. Let s be (150 + 0)*m/(-5). List the prime factors of ((-6)/(-5))/(8/s).
3
Suppose -3*r - 4*u = -149, -r - 5*u + 24 + 44 = 0. List the prime factors of r.
43
Suppose -5*s + 45 = -5*h, 19 = 2*s - h - 0*h. Let n = s + -5. List the prime factors of n.
5
Suppose -5*m + 175 = w, 5*m + 5*w - 127 = 2*m. List the prime factors of m.
2, 17
Let c(u) = u**2 - 6*u - 4. Let r be c(7). Let k be (r/(-6))/((-4)/(-232)). Let o = -21 - k. What are the prime factors of o?
2
Suppose 7*u - 15*u = -1168. List the prime factors of u.
2, 73
Suppose -3*d + 0*d = 0. Suppose -2*j + 0 + 10 = d. Suppose q - 44 = -2*q - j*p, 5*q + p - 44 = 0. List the prime factors of q.
2
Let u be 1/(-2 + (-26)/(-12)). Let n = u + -4. Suppose 0 = -2*w + 4*y + 2, n*y + y - 31 = -5*w. List the prime factors of w.
5
Let z(u) = u**2 + u - 4. Let k be z(-3). List the prime factors of k/(-4)*2 + 6.
5
Let z(b) = -1 - b**3 + 5*b**2 - 4*b + 0*b**3 + 0*b**3. List the prime factors of z(3).
5
Let f = 25 + 52. List the prime factors of f.
7, 11
Suppose -6*g = -2*g + 12. Let q = g - -3. Suppose 5*p + 5*h = 50, 4*p + q*h - 3*h = 40. What are the prime factors of p?
2, 5
Suppose -11*m + 14*m - 6 = 0. Suppose -2*z - 2*r = z - 58, -2*z + 42 = m*r. List the prime factors of z.
2
Suppose 0 = -2*u - 4*n - 22 + 74, 84 = 3*u + 3*n. Suppose s = -2*s - u. Let o = 16 + s. List the prime factors of o.
2, 3
Let k(m) be the second derivative of m**4/12 - 7*m**3/6 + 5*m**2/2 + 3*m. Let q be k(8). Let h = q + 2. What are the prime factors of h?
3, 5
Let o(q) be the first derivative of -q**4/4 + 4*q**3/3 + 3*q**2 + 3*q + 3. What are the prime factors of o(5)?
2
Suppose -2*r - 3*h = 18, -2*r - 17 - 1 = -h. Let o(g) = -2*g - 2. List the prime factors of o(r).
2
Let r(d) = 7*d + d**3 + 1 - 2*d**2 - 2 - 9*d. What are the prime factors of r(3)?
2
Let o(g) = -g**3 + 10*g**2 - 9*g + 3. What are the prime factors of o(8)?
59
Let h(j) = -3*j + 2. List the prime factors of h(-8).
2, 13
Let g(y) = y**3 - 7*y**2 + 6*y - 9. Let b be g(6). Let t = b - -12. List the prime factors of t.
3
Suppose -25 = t + 4*t. Let s = 23 + t. List the prime factors of s.
2, 3
Let k be (-1)/2 - 15/(-6). Suppose k*b - 2*d + 1 = -5, 2*b + 6 = 4*d. Let m = b - -12. List the prime factors of m.
3
Suppose 2*k = 6*k - 48. Let m = -6 + k. List the prime factors of m.
2, 3
Suppose -3*w + 4 = -5. Suppose 2*k + w*x - 4 = 0, 4*k - 3*k - 13 = 4*x. What are the prime factors of ((-2)/k)/(2/(-10))?
2
Suppose 0*q = 4*s + q - 45, 0 = 3*s + 3*q - 36. What are the prime factors of s?
11
Suppose -56 - 64 = -3*f. List the prime factors of f.
2, 5
Let z = -40 + 16. Let r be 4/(-6) + z/(-9). What are the prime factors of 40/2*r/4?
2, 5
What are the prime factors of 6/8 + (-485)/(-20)?
5
Suppose n = -4*y + 45, -4*n - n + 100 = -5*y. Suppose f - n = 6*f. What are the prime factors of (14/f)/(3/(-15))?
2, 7
Suppose -2*y + 40 = 2*y. What are the prime factors of y?
2, 5
Suppose -5*z - 230 + 797 = -4*x, 2*x = -4*z + 464. What are the prime factors of z?
5, 23
Suppose 2*d + 4*n + 5 = 5*d, -4*d + 3*n + 2 = 0. Suppose 18 = 3*y - 4*b + b, 0 = -b. Let o = y - d. List the prime factors of o.
7
Let k(y) = y + 1. Let m be k(4). Suppose 15 = 5*z - m. Suppose z*c - 1 = 35. List the prime factors of c.
3
Let t = -7 + 53. What are the prime factors of t?
2, 23
Let w = -6 - -9. Suppose 0 = b - 4*f + 17, -2*b - 2*f + 18 = 3*f. Let c = w + b. What are the prime factors of c?
2
Let j be ((-1)/((-3)/(-69)))/(-1). Suppose r - 7 = j. Let d = r + -15. List the prime factors of d.
3, 5
Let g = 21 - 11. List the prime factors of g.
2, 5
Suppose -2*p = 5*w + p - 64, 4*w - 58 = p. Suppose 5*x - 4*d = -2*d + 2, -w = -x - 3*d. Suppose x*s - 9 - 11 = 0. List the prime factors of s.
2, 5
Let p = 7 - 12. Suppose 0*j - 5*r + 20 = 3*j, 2*r = 3*j - 34. Let w = p + j. What are the prime factors of w?
5
Suppose -120 = -2*l + 2*f, 3*l - 180 = -3*f + 24. List the prime factors of l.
2
Suppose 20 + 103 = j. List the prime factors of j.
3, 41
What are the prime factors of (1460/12)/5*(3 - -6)?
3, 73
Suppose -4*z = 3*a - 23, -z - 2*z = a - 11. Suppose 80 = 5*v - z*v + m, -5*v + 4*m + 122 = 0. List the prime factors of v.
2, 13
Let p(l) = -l - 2. Let n be 2*2/4 - 3. Let f be p(n). Suppose -k = 4*c - 20, 4*k - 2*k + 8 = f. List the prime factors of c.
2, 3
Suppose 3*z - 69 = -2*h - 22, h + 14 = z. Suppose -64 = -3*a + 5*m, -2*a + 2*m + z = -25. List the prime factors of a.
2, 3
Let b(y) = y**3 - y**2 - y + 4. What are the prime factors of b(0)?
2
Let q(h) = h**3 - 6*h**2 + 6*h + 7. Let w(y) = -y**2 + y + 1. Let r(f) = q(